8502?
8
What is the hundred thousands digit of 2399831?
3
What is the tens digit of 492599?
9
What is the thousands digit of 3338873?
8
What is the hundred thousands digit of 206055?
2
What is the hundreds digit of 1119040?
0
What is the hundreds digit of 716193?
1
What is the thousands digit of 165838?
5
What is the tens digit of 640013?
1
What is the millions digit of 1342309?
1
What is the hundreds digit of 8875176?
1
What is the millions digit of 29389323?
9
What is the hundreds digit of 4139184?
1
What is the thousands digit of 235518?
5
What is the thousands digit of 37942?
7
What is the tens digit of 594290?
9
What is the hundreds digit of 2043947?
9
What is the thousands digit of 419198?
9
What is the ten thousands digit of 8414451?
1
What is the tens digit of 239980?
8
What is the millions digit of 1992501?
1
What is the ten thousands digit of 120162?
2
What is the tens digit of 45916?
1
What is the units digit of 295049?
9
What is the hundred thousands digit of 386634?
3
What is the ten thousands digit of 300267?
0
What is the units digit of 4017164?
4
What is the millions digit of 2129173?
2
What is the thousands digit of 950481?
0
What is the units digit of 40957?
7
What is the units digit of 150369?
9
What is the hundred thousands digit of 2766351?
7
What is the hundred thousands digit of 214222?
2
What is the millions digit of 20231292?
0
What is the tens digit of 2694161?
6
What is the units digit of 235042?
2
What is the hundred thousands digit of 236293?
2
What is the hundreds digit of 19339256?
2
What is the tens digit of 301629?
2
What is the millions digit of 5694201?
5
What is the thousands digit of 25116501?
6
What is the ten thousands digit of 4387766?
8
What is the hundreds digit of 365300?
3
What is the hundreds digit of 5755645?
6
What is the hundred thousands digit of 152468?
1
What is the tens digit of 3827217?
1
What is the units digit of 6499917?
7
What is the hundred thousands digit of 5280594?
2
What is the hundred thousands digit of 5074315?
0
What is the units digit of 148098?
8
What is the units digit of 1495533?
3
What is the hundred thousands digit of 114184?
1
What is the tens digit of 668913?
1
What is the thousands digit of 12898863?
8
What is the hundreds digit of 571968?
9
What is the thousands digit of 1121834?
1
What is the units digit of 928298?
8
What is the hundreds digit of 1111983?
9
What is the hundred thousands digit of 114031?
1
What is the tens digit of 163642?
4
What is the ten thousands digit of 8188354?
8
What is the thousands digit of 1773298?
3
What is the hundred thousands digit of 269544?
2
What is the ten thousands digit of 65823?
6
What is the units digit of 164362?
2
What is the hundreds digit of 3687373?
3
What is the tens digit of 663550?
5
What is the hundred thousands digit of 101529?
1
What is the tens digit of 872896?
9
What is the tens digit of 2357975?
7
What is the tens digit of 11223827?
2
What is the hundred thousands digit of 7768802?
7
What is the thousands digit of 654697?
4
What is the tens digit of 7113382?
8
What is the thousands digit of 246602?
6
What is the tens digit of 53930?
3
What is the units digit of 1522271?
1
What is the units digit of 80319?
9
What is the thousands digit of 214622?
4
What is the tens digit of 221093?
9
What is the tens digit of 628176?
7
What is the ten thousands digit of 9072588?
7
What is the thousands digit of 17460?
7
What is the ten millions digit of 10836184?
1
What is the tens digit of 470658?
5
What is the units digit of 170445?
5
What is the ten thousands digit of 14676448?
7
What is the thousands digit of 1858909?
8
What is the units digit of 1316988?
8
What is the hundreds digit of 19147913?
9
What is the tens digit of 26397?
9
What is the thousands digit of 32462?
2
What is the hundred thousands digit of 512612?
5
What is the ten thousands digit of 2631416?
3
What is the tens digit of 4843883?
8
What is the millions digit of 25910785?
5
What is the hundred thousands digit of 958238?
9
What is the hundreds digit of 336113?
1
What is the hundred thousands digit of 5564934?
5
What is the thousands digit of 17564639?
4
What is the units digit of 26088?
8
What is the hundreds digit of 586210?
2
What is the units digit of 5009358?
8
What is the units digit of 48813?
3
What is the units digit of 220177?
7
What is the ten thousands digit of 7474588?
7
What is the ten thousands digit of 826143?
2
What is the millions digit of 15806477?
5
What is the hundreds digit of 8210298?
2
What is the hundred thousands digit of 318939?
3
What is the ten thousands digit of 3570970?
7
What is the units digit of 4050649?
9
What is the units digit of 1580652?
2
What is the hundred thousands digit of 116247?
1
What is the tens digit of 9759199?
9
What is the ten thousands digit of 1612838?
1
What is the ten thousands digit of 12664799?
6
What is the hundreds digit of 9304463?
4
What is the tens digit of 1909404?
0
What is the units digit of 366739?
9
What is the thousands digit of 5289486?
9
What is the units digit of 1051865?
5
What is the units digit of 1299658?
8
What is the ten thousands digit of 139050?
3
What is the tens digit of 9217050?
5
What is the hundreds digit of 7828488?
4
What is the tens digit of 17146773?
7
What is the tens digit of 591315?
1
What is the hundreds digit of 248658?
6
What is the hundreds digit of 10860438?
4
What is the millions digit of 3319726?
3
What is the ten thousands digit of 274214?
7
What is the hundred thousands digit of 13804121?
8
What is the thousands digit of 3848348?
8
What is the ten thousands digit of 14723072?
2
What is the tens digit of 82763?
6
What is the hundreds digit of 506228?
2
What is the units digit of 296846?
6
What is the millions digit of 1455134?
1
What is the units digit of 972971?
1
What is the thousands digit of 3906158?
6
What is the hundred thousands digit of 112611?
1
What is the tens digit of 192673?
7
What is the units digit of 5493254?
4
What is the tens digit of 221387?
8
What is the thousands digit of 22547074?
7
What is the tens digit of 89163?
6
What is the tens digit of 20089045?
4
What is the units digit of 170103?
3
What is the thousands digit of 264907?
4
What is the units digit of 160923?
3
What is the units digit of 1100530?
0
What is the tens digit of 29559704?
0
What is the tens digit of 60583?
8
What is the units digit of 687037?
7
What is the tens digit of 14446112?
1
What is the units digit of 1088618?
8
What is the millions digit of 8583775?
8
What is the tens digit of 28571?
7
What is the tens digit of 2815141?
4
What is the ten thousands digit of 7198522?
9
What is the thousands digit of 2492676?
2
What is the ten thousands digit of 2363493?
6
What is the hundreds digit of 55456?
4
What is the tens digit of 2634717?
1
What is the ten thousands digit of 232285?
3
What is the millions digit of 2115975?
2
What is the millions digit of 1078606?
1
What is the hundreds digit of 31737672?
6
What is the ten thousands digit of 879546?
7
What is the tens digit of 379609?
0
What is the millions digit of 5122334?
5
What is the tens digit of 651123?
2
What is the units digit of 620779?
9
What is the tens digit of 457708?
0
What is the ten millions digit of 24219397?
2
What is the units digit of 10174629?
9
What is the units digit of 253987?
7
What is the millions digit of 1217383?
1
What is the thousands digit of 709690?
9
What is the units digit of 323?
3
What is the tens digit of 12600442?
4
What is the hundreds digit of 9446108?
1
What is the hundred thousands digit of 660960?
6
What is the units digit of 53007?
7
What is the hundred thousands digit of 23560788?
5
What is the millions digit of 4125202?
4
What is the ten thousands digit of 471480?
7
What is the hundreds digit of 275418?
4
What is the hundred thousands digit of 182615?
1
What is the thousands digit of 3232533?
2
What is the ten thousands digit of 1141557?
4
What is the hundred thousands digit of 7732430?
7
What is the hundred thousands digit of 14337177?
3
What is the tens digit of 242667?
6
What is the millions digit of 3061266?
3
What is the hundred thousands digit of 7371181?
3
What is the hundreds digit of 70977?
9
What is the ten thousands digit of 35069260?
6
What is the hundred thousands digit 